 number?
False
Is 88011985 composite?
True
Is 4479477 a composite number?
True
Is 86170627 prime?
False
Is 2490093985 a prime number?
False
Is 25793269 a prime number?
True
Is 454999877 composite?
False
Is 554444651 prime?
False
Is 1481947 a composite number?
False
Is 151639283 a composite number?
True
Is 44900981 a prime number?
False
Is 50381093 prime?
False
Is 43434161 a prime number?
True
Is 1104163 a composite number?
True
Is 2117233 a composite number?
False
Is 165422393 prime?
False
Is 1971377 a prime number?
True
Is 331825881 a prime number?
False
Is 497621 a composite number?
True
Is 59714471 a composite number?
False
Is 197156959 a prime number?
False
Is 4061177 a prime number?
True
Is 635339 a prime number?
True
Is 11217523 composite?
False
Is 20120819 composite?
False
Is 225836993 composite?
True
Is 13201189 prime?
True
Is 3701401 prime?
False
Is 2672599 prime?
True
Is 2082247 a composite number?
False
Is 129383467 composite?
False
Is 27459563 a prime number?
True
Is 174037 composite?
True
Is 210605749 prime?
False
Is 23601959 a prime number?
True
Is 47102819 a prime number?
True
Is 6061067 composite?
False
Is 454481 a prime number?
False
Is 504516889 a prime number?
True
Is 6513019 prime?
True
Is 6091673 a composite number?
True
Is 15289573 composite?
True
Is 6862881 a prime number?
False
Is 544471 a prime number?
True
Is 3609527 a prime number?
False
Is 1290379 a composite number?
False
Is 8695057 prime?
False
Is 8041457 a composite number?
False
Is 20904469 a composite number?
True
Is 23875139 a prime number?
False
Is 7400989 a composite number?
False
Is 240809587 a prime number?
True
Is 1711153 a composite number?
False
Is 5680559 composite?
False
Is 7458883 a prime number?
True
Is 73256743 composite?
True
Is 2957767 a composite number?
False
Is 89784623 a composite number?
True
Is 277483 composite?
False
Is 364757 a composite number?
True
Is 98386151 a prime number?
False
Is 12660629 a prime number?
True
Is 335653 a prime number?
True
Is 9982991 a composite number?
True
Is 77011747 composite?
False
Is 5298173 a composite number?
False
Is 55569767 composite?
True
Is 2139113 prime?
False
Is 16006577 a composite number?
True
Is 72682357 a prime number?
False
Is 124855481 composite?
False
Is 1600829 composite?
True
Is 181591511 a composite number?
False
Is 82936703 composite?
False
Is 1770338 a prime number?
False
Is 157610977 composite?
False
Is 604741931 a composite number?
False
Is 46597829 a composite number?
False
Is 200421157 a prime number?
True
Is 287430095 a composite number?
True
Is 14331911 composite?
True
Is 362051 composite?
False
Is 139494419 a prime number?
True
Is 38256431 prime?
False
Is 2731039 a composite number?
True
Is 43014443 a prime number?
False
Is 288647 a prime number?
True
Is 4368127 a composite number?
True
Is 1416619 prime?
False
Is 74612147 composite?
False
Is 27990919 composite?
True
Is 4610923 prime?
True
Is 46480801 a composite number?
False
Is 29588161 prime?
False
Is 4464443 a composite number?
False
Is 67891 prime?
True
Is 9033415 composite?
True
Is 116237 composite?
True
Is 370621 prime?
False
Is 5170251 a prime number?
False
Is 14785327 prime?
False
Is 1080749 composite?
False
Is 5529971 a prime number?
True
Is 12951661 a prime number?
False
Is 63821 a prime number?
False
Is 124116491 a prime number?
False
Is 73458667 prime?
True
Is 20109515 prime?
False
Is 57634561 composite?
True
Is 4772909 prime?
True
Is 16503819 composite?
True
Is 327533 prime?
False
Is 624961 composite?
False
Is 77973241 a prime number?
False
Is 7057313 a composite number?
True
Is 175098551 composite?
False
Is 904019 composite?
False
Is 1197479 a prime number?
True
Is 46169381 composite?
True
Is 240129959 a prime number?
False
Is 45589081 composite?
True
Is 187276259 a prime number?
True
Is 11561503 prime?
False
Is 94819531 a prime number?
False
Is 41758121 a prime number?
True
Is 78635797 a prime number?
True
Is 27910963 a prime number?
False
Is 1799701 prime?
True
Is 1740283 composite?
False
Is 32354174 a prime number?
False
Is 292115227 prime?
True
Is 7993 a prime number?
True
Is 18862099 a prime number?
False
Is 353413 composite?
True
Is 337810933 a composite number?
True
Is 167689 a prime number?
False
Is 331606273 a prime number?
True
Is 19399187 a prime number?
True
Is 6090407 a prime number?
False
Is 5585234 prime?
False
Is 3410981 prime?
False
Is 663773 a composite number?
True
Is 1368907153 a composite number?
False
Is 2138063 a prime number?
False
Is 18935311 a prime number?
False
Is 81561581 a prime number?
False
Is 30179839 a composite number?
False
Is 5189959 composite?
True
Is 401507 a composite number?
False
Is 7626137 prime?
True
Is 34255751 a prime number?
True
Is 3333243 composite?
True
Is 139040661 composite?
True
Is 51048713 a composite number?
True
Is 79054279 composite?
True
Is 13890257 a prime number?
True
Is 52546321 composite?
False
Is 2169281 composite?
False
Is 625488359 a composite number?
False
Is 2306273 a prime number?
False
Is 15110899 prime?
True
Is 453053 composite?
False
Is 1579323 composite?
True
Is 12525239 a prime number?
True
Is 3661943 a composite number?
False
Is 8440099 composite?
True
Is 434563643 a composite number?
False
Is 188813 a composite number?
True
Is 107405573 prime?
False
Is 23427493 a composite number?
True
Is 4564043 composite?
True
Is 15773437 composite?
False
Is 66156227 a prime number?
True
Is 5067759 composite?
True
Is 1219319 a prime number?
False
Is 8256719 composite?
False
Is 2513579 a composite number?
False
Is 1148773517 composite?
False
Is 372467009 a composite number?
False
Is 122068571 composite?
False
Is 1325309 prime?
True
Is 8500909 composite?
True
Is 352207 prime?
False
Is 21577033 a prime number?
False
Is 845663867 a prime number?
False
Is 144430661 prime?
True
Is 2673287 prime?
False
Is 228052547 a composite number?
False
Is 38013103 prime?
True
Is 526562111 prime?
True
Is 74623427 a composite number?
False
Is 83401531 a prime number?
False
Is 203741 a composite number?
True
Is 4525757 a prime number?
False
Is 148490081 a prime number?
True
Is 11957113 a composite number?
True
Is 389266747 composite?
False
Is 1124741 a composite number?
False
Is 18263689 a prime number?
True
Is 4359833 a composite number?
True
Is 50677889 a composite number?
True
Is 18526363 prime?
True
Is 809563 prime?
True
Is 20483733 a composite number?
True
Is 264360871 a composite number?
False
Is 45151123 composite?
False
Is 424427 composite?
True
Is 1333002923 composite?
True
Is 31511341 a composite number?
False
Is 13627607 composite?
True
Is 65081819 a composite number?
True
Is 1999667 prime?
True
Is 15905501 prime?
True
Is 58504141 composite?
True
Is 21272801 composite?
True
Is 3221899 a composite number?
False
Is 237754949 a prime number?
True
Is 8457883 a prime number?
False
Is 143174107 a prime number?
True
Is 287951 composite?
True
Is 1260536135 a prime number?
False
Is 10988203 a prime number?
True
Is 4485101 composite?
True
Is 58262411 composite?
False
Is 1107991 a prime number?
False
Is 52963 composite?
False
Is 674609 composite?
True
Is 2055155 a prime number?
False
Is 68415899 composite?
False
Is 96442001 prime?
False
Is 349523807 prime?
True
Is 118678129 a composite number?
True
Is 132069715 prime?
False
Is 7915477 a composite number?
False
Is 2112883 prime?
False
Is 453898217 a composite number?
False
Is 185929 a prime number?
False
Is 558301 a prime number?
False
Is 136245547 prime?
True
Is 233405801 composite?
True
Is 8500813 prime?
False
Is 13347031 a prime number?
True
Is 598691 composite?
False
Is 23098909 composite?
False
Is 13222669 a prime number?
True
Is 11636341 a prime number?
False
Is 915655709 composite?
False
Is 126520213 a prime number?
True
Is 16865429 a prime number?
False
Is 427289 composite?
True
Is 179879009 composite?
False
Is 26003497 a prime number?
False
Is 170001437 a composite number?
False
Is 2481979 a composite number?
False
Is 35483597 prime?
True
Is 9643561 composite?
True
Is 1749143 a composite number?
True
Is 15143 a prime number?
False
Is 2286787 prime?
True
Is 38015309 a prime number?
True
Is 1216563 a prime number?
False
Is 20085277 a prime number?
True
Is 111506803 prime?
True
Is 5436913 a composite number?
True
Is 6868